{"id":2,"date":"2026-04-08T09:23:11","date_gmt":"2026-04-08T09:23:11","guid":{"rendered":"http:\/\/tinhdo.hoccungai.net\/?page_id=2"},"modified":"2026-04-08T10:15:53","modified_gmt":"2026-04-08T10:15:53","slug":"trang-mau","status":"publish","type":"page","link":"https:\/\/tinhdo.hoccungai.net\/","title":{"rendered":"T\u1ecbnh \u0111\u1ed9"},"content":{"rendered":"\n<figure class=\"wp-block-image aligncenter size-large\"><img loading=\"lazy\" decoding=\"async\" width=\"1024\" height=\"559\" src=\"http:\/\/tinhdo.hoccungai.net\/wp-content\/uploads\/2026\/04\/a-di-da-phat-2-1024x559.png\" alt=\"\" class=\"wp-image-27\" srcset=\"https:\/\/tinhdo.hoccungai.net\/wp-content\/uploads\/2026\/04\/a-di-da-phat-2-1024x559.png 1024w, https:\/\/tinhdo.hoccungai.net\/wp-content\/uploads\/2026\/04\/a-di-da-phat-2-300x164.png 300w, https:\/\/tinhdo.hoccungai.net\/wp-content\/uploads\/2026\/04\/a-di-da-phat-2-768x419.png 768w, https:\/\/tinhdo.hoccungai.net\/wp-content\/uploads\/2026\/04\/a-di-da-phat-2.png 1408w\" sizes=\"auto, (max-width: 1024px) 100vw, 1024px\" \/><\/figure>\n\n\n\n<h1 class=\"wp-block-heading has-text-align-center\">Nam M\u00f4 A Di \u0110\u00e0 Ph\u1eadt.<br>T\u00edn &#8211; Nguy\u1ec7n &#8211; H\u1ea1nh: \u0110\u01b0\u1eddng v\u1ec1 C\u1ef1c L\u1ea1c<\/h1>\n\n\n\n<ul class=\"wp-block-list\">\n<li>&#8220;B\u1eaft \u0111\u1ea7u h\u00e0nh tr\u00ec&#8221; ho\u1eb7c &#8220;T\u00ecm hi\u1ec3u v\u1ec1 b\u1ea3n nguy\u1ec7n&#8221;.<\/li>\n<\/ul>\n\n\n\n<h2 class=\"wp-block-heading has-text-align-center\">Gi\u1edbi thi\u1ec7u Ph\u00e1p m\u00f4n T\u1ecbnh \u0110\u1ed9<\/h2>\n\n\n\n<h2 class=\"wp-block-heading has-text-align-center\"><strong>T\u00d4NG CH\u1ec8 PH\u00c1P M\u00d4N T\u1ecaNH \u0110\u1ed8<\/strong><\/h2>\n\n\n\n<p><strong>&#8220;N\u01b0\u01a1ng nh\u1edd B\u1ea3n nguy\u1ec7n \u2013 Quy\u1ebft ch\u00ed v\u00e3ng sanh&#8221;<\/strong><\/p>\n\n\n\n<p>Ph\u00e1p m\u00f4n T\u1ecbnh \u0110\u1ed9 l\u1ea5y vi\u1ec7c ni\u1ec7m danh hi\u1ec7u&nbsp;<strong>\u0110\u1ee9c Ph\u1eadt A Di \u0110\u00e0<\/strong>&nbsp;l\u00e0m ph\u01b0\u01a1ng ph\u00e1p tu tr\u00ec c\u1ed1t l\u00f5i, d\u1ef1a tr\u00ean n\u1ec1n t\u1ea3ng gi\u00e1o l\u00fd c\u1ee9u \u0111\u1ed9 v\u0129 \u0111\u1ea1i:<\/p>\n\n\n\n<p><strong>1. N\u01b0\u01a1ng t\u1ef1a \u0110\u1ea1i Nguy\u1ec7n c\u1ee7a \u0110\u1ee9c T\u1eeb Ph\u1ee5<\/strong><\/p>\n\n\n\n<p>T\u00f4ng ch\u1ec9 c\u1ee7a T\u1ecbnh \u0110\u1ed9 T\u00f4ng kh\u00f4ng ch\u1ec9 d\u1ef1a v\u00e0o t\u1ef1 l\u1ef1c (s\u1ee9c m\u00ecnh) m\u00e0 quan tr\u1ecdng nh\u1ea5t l\u00e0 d\u1ef1a v\u00e0o&nbsp;<strong>Tha l\u1ef1c<\/strong>&nbsp;\u2014 t\u1ee9c l\u00e0 s\u1ee9c gia tr\u00ec v\u00e0 ti\u1ebfp d\u1eabn t\u1eeb 48 \u0111\u1ea1i nguy\u1ec7n c\u1ee7a \u0110\u1ee9c Ph\u1eadt A Di \u0110\u00e0. Trong \u0111\u00f3, Nguy\u1ec7n th\u1ee9 18 kh\u1eb3ng \u0111\u1ecbnh:&nbsp;<em>B\u1ea5t c\u1ee9 ch\u00fang sinh n\u00e0o ch\u00ed t\u00e2m tin \u01b0a, mu\u1ed1n sanh v\u1ec1 n\u01b0\u1edbc Ng\u00e0i, d\u00f9 ch\u1ec9 ni\u1ec7m m\u01b0\u1eddi ni\u1ec7m, n\u1ebfu kh\u00f4ng \u0111\u01b0\u1ee3c v\u00e3ng sanh, Ng\u00e0i th\u1ec1 kh\u00f4ng th\u00e0nh Ch\u00ednh gi\u00e1c.<\/em><\/p>\n\n\n\n<p><strong>2. Ba M\u00f3n T\u01b0 L\u01b0\u01a1ng (H\u00e0nh trang l\u00ean \u0111\u01b0\u1eddng)<\/strong><\/p>\n\n\n\n<p>\u0110\u1ec3 kh\u1ebf h\u1ee3p v\u1edbi \u0111\u1ea1i nguy\u1ec7n c\u1ee7a Ng\u00e0i, h\u00e0nh gi\u1ea3 c\u1ea7n chu\u1ea9n b\u1ecb \u0111\u1ea7y \u0111\u1ee7 ba y\u1ebfu t\u1ed1 then ch\u1ed1t:<\/p>\n\n\n\n<ul class=\"wp-block-list\">\n<li><strong>T\u00edn (Tin s\u00e2u):<\/strong>&nbsp;Tin v\u00e0o th\u1ebf gi\u1edbi C\u1ef1c L\u1ea1c c\u00f3 th\u1eadt, tin v\u00e0o l\u00f2ng bi m\u1eabn c\u1ee7a Ph\u1eadt A Di \u0110\u00e0 v\u00e0 tin r\u1eb1ng m\u00ecnh ch\u1eafc ch\u1eafn s\u1ebd \u0111\u01b0\u1ee3c c\u1ee9u \u0111\u1ed9 n\u1ebfu th\u1ef1c h\u00e0nh \u0111\u00fang ph\u00e1p.<\/li>\n\n\n\n<li><strong>Nguy\u1ec7n (Thi\u1ebft tha):<\/strong>&nbsp;Ph\u00e1t t\u00e2m tha thi\u1ebft mu\u1ed1n r\u1eddi xa c\u00f5i Sa B\u00e0 kh\u1ed5 l\u1ee5y, khao kh\u00e1t \u0111\u01b0\u1ee3c v\u00e3ng sanh v\u1ec1 c\u00f5i T\u1ecbnh \u0110\u1ed9 \u0111\u1ec3 ti\u1ebfp t\u1ee5c tu h\u1ecdc cho \u0111\u1ebfn ng\u00e0y th\u00e0nh Ph\u1eadt.<\/li>\n\n\n\n<li><strong>H\u1ea1nh (Chuy\u00ean nh\u1ea5t):<\/strong>&nbsp;Th\u1ef1c h\u00e0nh ni\u1ec7m danh hi\u1ec7u &#8220;Nam M\u00f4 A Di \u0110\u00e0 Ph\u1eadt&#8221; m\u1ecdi l\u00fac, m\u1ecdi n\u01a1i, gi\u1eef t\u00e2m thanh t\u1ecbnh v\u00e0 l\u00e0m c\u00e1c vi\u1ec7c thi\u1ec7n l\u00e0nh \u0111\u1ec3 h\u1ed3i h\u01b0\u1edbng v\u1ec1 T\u00e2y Ph\u01b0\u01a1ng.<\/li>\n<\/ul>\n\n\n\n<p><strong>3. \u0110\u1eb7c t\u00ednh &#8220;D\u1ec5 tu &#8211; D\u1ec5 ch\u1ee9ng&#8221;<\/strong><\/p>\n\n\n\n<p>Gi\u1eefa th\u1eddi k\u1ef3 m\u1ea1t ph\u00e1p nhi\u1ec1u ch\u01b0\u1edbng duy\u00ean, T\u1ecbnh \u0110\u1ed9 l\u00e0 con \u0111\u01b0\u1eddng t\u1eaft an to\u00e0n nh\u1ea5t. Kh\u00f4ng ph\u00e2n bi\u1ec7t tr\u00ed tu\u1ec7 cao th\u1ea5p, gi\u00e0 tr\u1ebb hay nam n\u1eef, ch\u1ec9 c\u1ea7n m\u1ed9t l\u00f2ng h\u01b0\u1edbng Ph\u1eadt, ai ai c\u0169ng c\u00f3 c\u01a1 h\u1ed9i tho\u00e1t kh\u1ecfi lu\u00e2n h\u1ed3i ngay trong m\u1ed9t \u0111\u1eddi n\u00e0y.<\/p>\n\n\n\n<h2 class=\"wp-block-heading has-text-align-center\"><strong>L\u1ee2I \u00cdCH C\u1ee6A PH\u00c1P M\u00d4N T\u1ecaNH \u0110\u1ed8<\/strong><\/h2>\n\n\n\n<p><strong>&#8220;C\u1eeda t\u1eaft tho\u00e1t ly sinh t\u1eed \u2013 Thuy\u1ec1n t\u1eeb \u0111\u01b0a kh\u00e1ch sang s\u00f4ng&#8221;<\/strong><\/p>\n\n\n\n<p>Gi\u1eefa th\u1eddi k\u1ef3 M\u1ea1t ph\u00e1p nhi\u1ec1u ch\u01b0\u1edbng duy\u00ean v\u00e0 th\u1eed th\u00e1ch, Ph\u00e1p m\u00f4n T\u1ecbnh \u0110\u1ed9 n\u1ed5i b\u1eadt nh\u01b0 m\u1ed9t &#8220;\u0111\u1ea1i l\u1ed9&#8221; th\u00eanh thang, mang l\u1ea1i nh\u1eefng l\u1ee3i \u00edch th\u00f9 th\u1eafng cho h\u00e0nh gi\u1ea3:<\/p>\n\n\n\n<p><strong>1. Ph\u00e1p m\u00f4n &#8220;D\u1ec5 tu \u2013 D\u1ec5 ch\u1ee9ng&#8221;<\/strong><\/p>\n\n\n\n<p>So v\u1edbi c\u00e1c ph\u00e1p m\u00f4n \u0111\u00f2i h\u1ecfi s\u1ef1 kh\u1ed5 h\u1ea1nh hay thi\u1ec1n \u0111\u1ecbnh s\u00e2u d\u00e0y, T\u1ecbnh \u0110\u1ed9 t\u1eadp trung v\u00e0o danh hi\u1ec7u&nbsp;<strong>&#8220;Nam M\u00f4 A Di \u0110\u00e0 Ph\u1eadt&#8221;<\/strong>.<\/p>\n\n\n\n<ul class=\"wp-block-list\">\n<li><strong>D\u1ec5 tu:<\/strong>&nbsp;Kh\u00f4ng ph\u00e2n bi\u1ec7t th\u1eddi gian, kh\u00f4ng g\u00f2 b\u00f3 kh\u00f4ng gian. D\u00f9 \u0111ang l\u00e0m vi\u1ec7c, \u0111i \u0111\u1ee9ng hay n\u1eb1m ng\u1ed3i, h\u00e0nh gi\u1ea3 \u0111\u1ec1u c\u00f3 th\u1ec3 nhi\u1ebfp t\u00e2m ni\u1ec7m Ph\u1eadt.<\/li>\n\n\n\n<li><strong>D\u1ec5 ch\u1ee9ng:<\/strong>&nbsp;Ch\u1ec9 c\u1ea7n \u0111\u1ea7y \u0111\u1ee7 T\u00edn \u2013 Nguy\u1ec7n \u2013 H\u1ea1nh, \u0111\u1ebfn l\u00fac l\u00e2m chung s\u1ebd \u0111\u01b0\u1ee3c \u0110\u1ee9c Ph\u1eadt ti\u1ebfp d\u1eabn, v\u0129nh vi\u1ec5n tho\u00e1t kh\u1ecfi lu\u00e2n h\u1ed3i, ti\u1ebfn th\u1eb3ng \u0111\u1ebfn qu\u1ea3 v\u1ecb b\u1ea5t th\u1ed1i chuy\u1ec3n.<\/li>\n<\/ul>\n\n\n\n<p><strong>2. Ph\u00f9 h\u1ee3p v\u1edbi m\u1ecdi c\u0103n c\u01a1<\/strong><\/p>\n\n\n\n<p>T\u1ecbnh \u0110\u1ed9 t\u00f4ng \u0111\u01b0\u1ee3c v\u00ed nh\u01b0 bi\u1ec3n c\u1ea3, \u0111\u00f3n nh\u1eadn m\u1ecdi d\u00f2ng s\u00f4ng.<\/p>\n\n\n\n<ul class=\"wp-block-list\">\n<li><strong>Th\u01b0\u1ee3ng c\u0103n:<\/strong>&nbsp;Nh\u1eefng b\u1eadc tr\u00ed tu\u1ec7 cao si\u00eau nh\u1edd ni\u1ec7m Ph\u1eadt m\u00e0 mau ch\u00f3ng nh\u1eadp \u0111\u1ecbnh, th\u1ea5u su\u1ed1t b\u1ea3n t\u00e2m.<\/li>\n\n\n\n<li><strong>H\u1ea1 c\u0103n:<\/strong>&nbsp;Nh\u1eefng ng\u01b0\u1eddi b\u1eadn r\u1ed9n, ng\u01b0\u1eddi gi\u00e0 y\u1ebfu hay k\u1ebb t\u1ed9i l\u1ed7i bi\u1ebft quay \u0111\u1ea7u, ch\u1ec9 c\u1ea7n ch\u00ed thi\u1ebft ni\u1ec7m Ph\u1eadt c\u0169ng \u0111\u1ec1u \u0111\u01b0\u1ee3c c\u1ee9u \u0111\u1ed9.<br>\u0110\u00e2y l\u00e0 ph\u00e1p m\u00f4n &#8220;Ba c\u0103n ph\u1ed5 b\u1ecb&#8221; (thu nh\u1eadn c\u1ea3 ba h\u1ea1ng ng\u01b0\u1eddi: th\u01b0\u1ee3ng, trung, h\u1ea1), kh\u00f4ng b\u1ecf s\u00f3t m\u1ed9t ai.<\/li>\n<\/ul>\n\n\n\n<p><strong>3. \u0110i\u1ec3m t\u1ef1a an l\u1ea1c trong th\u1eddi M\u1ea1t ph\u00e1p<\/strong><\/p>\n\n\n\n<p>Trong th\u1eddi \u0111\u1ea1i \u0111\u1ea7y bi\u1ebfn \u0111\u1ed9ng, t\u00e2m ng\u01b0\u1eddi d\u1ec5 dao \u0111\u1ed9ng v\u00e0 t\u00e1n lo\u1ea1n. Ni\u1ec7m Ph\u1eadt gi\u00fap:<\/p>\n\n\n\n<ul class=\"wp-block-list\">\n<li><strong>Chuy\u1ec3n h\u00f3a nghi\u1ec7p l\u1ef1c:<\/strong>&nbsp;L\u1ea5y c\u00e2u hi\u1ec7u Ph\u1eadt thay th\u1ebf cho t\u1ea1p ni\u1ec7m, gi\u00fap t\u00e2m b\u00ecnh kh\u00ed h\u00f2a, ti\u00eau tr\u1eeb b\u1edbt nghi\u1ec7p ch\u01b0\u1edbng t\u1eeb nhi\u1ec1u \u0111\u1eddi.<\/li>\n\n\n\n<li><strong>H\u1ed9 tr\u00ec th\u00e2n t\u00e2m:<\/strong>&nbsp;Lu\u00f4n c\u1ea3m nh\u1eadn \u0111\u01b0\u1ee3c s\u1ef1 che ch\u1edf c\u1ee7a \u0110\u1ee9c T\u1eeb Ph\u1ee5, gi\u00fap h\u00e0nh gi\u1ea3 s\u1ed1ng an vui, t\u1ef1 t\u1ea1i ngay trong \u0111\u1eddi s\u1ed1ng hi\u1ec7n t\u1ea1i.<\/li>\n<\/ul>\n\n\n\n<h2 class=\"wp-block-heading has-text-align-center\"><strong>BA M\u00d3N T\u01af L\u01af\u01a0NG: H\u00c0NH TRANG V\u1ec0 C\u00d5I PH\u1eacT<\/strong><\/h2>\n\n\n\n<p><strong>&#8220;T\u00edn &#8211; Nguy\u1ec7n &#8211; H\u1ea1nh: Ba ch\u00e2n v\u1ea1c v\u1eefng ch\u1eafc c\u1ee7a ng\u01b0\u1eddi tu T\u1ecbnh \u0110\u1ed9&#8221;<\/strong><\/p>\n\n\n\n<p>\u0110\u1ec3 b\u01b0\u1edbc l\u00ean thuy\u1ec1n t\u1eeb c\u1ee7a \u0110\u1ee9c Ph\u1eadt A Di \u0110\u00e0, h\u00e0nh gi\u1ea3 c\u1ea7n chu\u1ea9n b\u1ecb \u0111\u1ea7y \u0111\u1ee7 ba m\u00f3n &#8220;l\u01b0\u01a1ng th\u1ef1c&#8221; tinh th\u1ea7n qu\u00fd b\u00e1u. Thi\u1ebfu m\u1ed9t trong ba, con \u0111\u01b0\u1eddng v\u00e3ng sanh kh\u00f3 l\u00f2ng vi\u00ean m\u00e3n.<\/p>\n\n\n\n<p><strong>1. T\u00cdN (Tin s\u00e2u \u2013 Enlightenment of Faith)<\/strong><\/p>\n\n\n\n<ul class=\"wp-block-list\">\n<li><strong>Gi\u00e1c ng\u1ed9 v\u1ec1 ni\u1ec1m tin:<\/strong>&nbsp;Tin v\u00e0o b\u1ea3n nguy\u1ec7n c\u1ee9u \u0111\u1ed9 kh\u00f4ng \u0111i\u1ec1u ki\u1ec7n c\u1ee7a \u0110\u1ee9c Ph\u1eadt A Di \u0110\u00e0. Tin r\u1eb1ng c\u00f5i C\u1ef1c L\u1ea1c l\u00e0 c\u00f3 th\u1eadt v\u00e0 t\u00e2m ta v\u1edbi t\u00e2m Ph\u1eadt v\u1ed1n kh\u00f4ng hai.<\/li>\n\n\n\n<li><strong>Ki\u00ean \u0111\u1ecbnh:<\/strong>&nbsp;D\u00f9 g\u1eb7p ngh\u1ecbch c\u1ea3nh hay nh\u1eefng l\u1eddi nghi ng\u1ea1i, l\u00f2ng tin v\u1eabn b\u1ea5t \u0111\u1ed9ng nh\u01b0 n\u00fai \u0111\u00e1. Tin r\u1eb1ng ch\u1ec9 c\u1ea7n ni\u1ec7m Ph\u1eadt, ch\u1eafc ch\u1eafn s\u1ebd \u0111\u01b0\u1ee3c ti\u1ebfp d\u1eabn.<\/li>\n<\/ul>\n\n\n\n<p><strong>2. NGUY\u1ec6N (Thi\u1ebft tha \u2013 Sincere Aspiration)<\/strong><\/p>\n\n\n\n<ul class=\"wp-block-list\">\n<li><strong>Gi\u00e1c ng\u1ed9 v\u1ec1 s\u1ef1 kh\u1ed5:<\/strong>&nbsp;Th\u1ea5u hi\u1ec3u c\u00f5i Sa B\u00e0 l\u00e0 t\u1ea1m b\u1ee3, \u0111\u1ea7y r\u1eaby kh\u1ed5 \u0111au v\u00e0 lu\u00e2n h\u1ed3i. T\u1eeb \u0111\u00f3, ph\u00e1t kh\u1edfi t\u00e2m thi\u1ebft tha mu\u1ed1n l\u00eca xa (Ly kh\u1ed5).<\/li>\n\n\n\n<li><strong>H\u01b0\u1edbng v\u1ec1 C\u1ef1c L\u1ea1c:<\/strong>&nbsp;T\u00e2m t\u00e2m ni\u1ec7m ni\u1ec7m \u0111\u1ec1u h\u01b0\u1edbng v\u1ec1 T\u00e2y Ph\u01b0\u01a1ng. Nguy\u1ec7n d\u00f9ng m\u1ecdi c\u00f4ng \u0111\u1ee9c tu t\u1eadp \u0111\u1ec3 h\u1ed3i h\u01b0\u1edbng v\u1ec1 qu\u1ed1c \u0111\u1ed9 c\u1ee7a \u0110\u1ee9c Ph\u1eadt A Di \u0110\u00e0, coi \u0111\u00f3 l\u00e0 qu\u00ea h\u01b0\u01a1ng \u0111\u00edch th\u1ef1c c\u1ee7a linh h\u1ed3n.<\/li>\n<\/ul>\n\n\n\n<p><strong>3. H\u1ea0NH (Chuy\u00ean nh\u1ea5t ni\u1ec7m Ph\u1eadt \u2013 Persistent Practice)<\/strong><\/p>\n\n\n\n<ul class=\"wp-block-list\">\n<li><strong>Gi\u00e1c ng\u1ed9 qua h\u00e0nh \u0111\u1ed9ng:<\/strong>&nbsp;Kh\u00f4ng d\u1eebng l\u1ea1i \u1edf l\u00fd thuy\u1ebft, h\u00e0nh gi\u1ea3 ph\u1ea3i th\u1ef1c ch\u1ee9ng qua c\u00e2u hi\u1ec7u Ph\u1eadt.<\/li>\n\n\n\n<li><strong>Chuy\u00ean nh\u1ea5t:<\/strong>&nbsp;Gi\u1eef v\u1eefng danh hi\u1ec7u&nbsp;<strong>&#8220;Nam M\u00f4 A Di \u0110\u00e0 Ph\u1eadt&#8221;<\/strong>&nbsp;trong m\u1ecdi ho\u00e0n c\u1ea3nh (\u0111i, \u0111\u1ee9ng, n\u1eb1m, ng\u1ed3i). L\u1ea5y ni\u1ec7m Ph\u1eadt l\u00e0m h\u01a1i th\u1edf, l\u00e0m nh\u1ecbp \u0111\u1eadp c\u1ee7a con tim, kh\u00f4ng \u0111\u1ec3 t\u1ea1p ni\u1ec7m xen v\u00e0o, \u0111\u1ea1t \u0111\u1ebfn ch\u1ed7 &#8220;nh\u1ea5t t\u00e2m b\u1ea5t lo\u1ea1n&#8221;.<\/li>\n<\/ul>\n\n\n\n<p><strong>L\u1eddi k\u1ebft cho s\u1ef1 Gi\u00e1c Ng\u1ed9:<\/strong><\/p>\n\n\n\n<p><em>Khi&nbsp;<strong>T\u00edn<\/strong>&nbsp;\u0111\u00e3 s\u00e2u,&nbsp;<strong>Nguy\u1ec7n<\/strong>&nbsp;\u0111\u00e3 thi\u1ebft,&nbsp;<strong>H\u1ea1nh<\/strong>&nbsp;\u0111\u00e3 chuy\u00ean, th\u00ec \u0111\u00e0i sen b\u00e1u \u1edf T\u00e2y Ph\u01b0\u01a1ng \u0111\u00e3 ghi s\u1eb5n t\u00ean ta. \u0110\u00f3 ch\u00ednh l\u00e0 s\u1ef1 gi\u00e1c ng\u1ed9 th\u1ef1c ti\u1ec5n nh\u1ea5t c\u1ee7a m\u1ed9t ng\u01b0\u1eddi tu T\u1ecbnh \u0110\u1ed9.<\/em><\/p>\n\n\n\n<ul class=\"wp-block-list\">\n<li><strong>Kinh \u0111i\u1ec3n c\u0103n b\u1ea3n<\/strong>: Gi\u1edbi thi\u1ec7u b\u1ed9 &#8220;T\u1ecbnh \u0110\u1ed9 Tam Kinh&#8221; g\u1ed3m&nbsp;<a href=\"https:\/\/www.google.com\/search?q=kinh+v%C3%B4+l%C6%B0%E1%BB%A3ng+th%E1%BB%8D&amp;kgmid=\/hkb\/-419130761&amp;sa=X&amp;ved=2ahUKEwiJ7Kjo-t2TAxWqavUHHQAVDHgQ3egRegYIAQgKEAM\">Kinh V\u00f4 L\u01b0\u1ee3ng Th\u1ecd<\/a>,&nbsp;<a href=\"https:\/\/www.google.com\/search?q=kinh+qu%C3%A1n+v%C3%B4+l%C6%B0%E1%BB%A3ng+th%E1%BB%8D&amp;kgmid=\/hkb\/305752918&amp;sa=X&amp;ved=2ahUKEwiJ7Kjo-t2TAxWqavUHHQAVDHgQ3egRegYIAQgKEAU\">Kinh Qu\u00e1n V\u00f4 L\u01b0\u1ee3ng Th\u1ecd<\/a>&nbsp;v\u00e0&nbsp;<a href=\"https:\/\/www.google.com\/search?q=kinh+a+di+%C4%91%C3%A0&amp;kgmid=\/m\/04k1b0&amp;sa=X&amp;ved=2ahUKEwiJ7Kjo-t2TAxWqavUHHQAVDHgQ3egRegYIAQgKEAc\">Kinh A Di \u0110\u00e0<\/a>.<\/li>\n\n\n\n<li><strong>L\u1ecbch kh\u00f3a tu &amp; S\u1ef1 ki\u1ec7n<\/strong>: <\/li>\n\n\n\n<li><strong>Ph\u00e1p \u00e2m &amp; B\u00e0i gi\u1ea3ng<\/strong>: Danh s\u00e1ch c\u00e1c b\u00e0i gi\u1ea3ng m\u1edbi nh\u1ea5t c\u1ee7a ch\u01b0 T\u00f4n \u0111\u1ee9c chuy\u00ean ho\u1eb1ng d\u01b0\u01a1ng T\u1ecbnh \u0110\u1ed9 (nh\u01b0 HT. Th\u00edch Tr\u00ed T\u1ecbnh, HT. T\u1ecbnh Kh\u00f4ng&#8230;).<\/li>\n\n\n\n<li><strong>G\u00f3c h\u00e0nh tr\u00ec<\/strong>: H\u01b0\u1edbng d\u1eabn c\u00e1ch ni\u1ec7m Ph\u1eadt, c\u00e1ch l\u1eadp b\u00e0n th\u1edd t\u1ea1i gia v\u00e0 c\u00e1c nghi th\u1ee9c s\u00e1m h\u1ed1i.&nbsp;Ph\u1eadt Ph\u00e1p <\/li>\n<\/ul>\n\n\n\n<p><\/p>\n","protected":false},"excerpt":{"rendered":"<p>Nam M\u00f4 A Di \u0110\u00e0 Ph\u1eadt.T\u00edn &#8211; Nguy\u1ec7n &#8211; H\u1ea1nh: \u0110\u01b0\u1eddng v\u1ec1 C\u1ef1c L\u1ea1c Gi\u1edbi thi\u1ec7u Ph\u00e1p m\u00f4n T\u1ecbnh \u0110\u1ed9 [&hellip;]<\/p>\n","protected":false},"author":1,"featured_media":0,"parent":0,"menu_order":0,"comment_status":"closed","ping_status":"open","template":"","meta":{"site-sidebar-layout":"default","site-content-layout":"","ast-site-content-layout":"default","site-content-style":"default","site-sidebar-style":"default","ast-global-header-display":"","ast-banner-title-visibility":"","ast-main-header-display":"","ast-hfb-above-header-display":"","ast-hfb-below-header-display":"","ast-hfb-mobile-header-display":"","site-post-title":"","ast-breadcrumbs-content":"","ast-featured-img":"","footer-sml-layout":"","ast-disable-related-posts":"","theme-transparent-header-meta":"","adv-header-id-meta":"","stick-header-meta":"","header-above-stick-meta":"","header-main-stick-meta":"","header-below-stick-meta":"","astra-migrate-meta-layouts":"default","ast-page-background-enabled":"default","ast-page-background-meta":{"desktop":{"background-color":"var(--ast-global-color-5)","background-image":"","background-repeat":"repeat","background-position":"center center","background-size":"auto","background-attachment":"scroll","background-type":"","background-media":"","overlay-type":"","overlay-color":"","overlay-opacity":"","overlay-gradient":""},"tablet":{"background-color":"","background-image":"","background-repeat":"repeat","background-position":"center center","background-size":"auto","background-attachment":"scroll","background-type":"","background-media":"","overlay-type":"","overlay-color":"","overlay-opacity":"","overlay-gradient":""},"mobile":{"background-color":"","background-image":"","background-repeat":"repeat","background-position":"center center","background-size":"auto","background-attachment":"scroll","background-type":"","background-media":"","overlay-type":"","overlay-color":"","overlay-opacity":"","overlay-gradient":""}},"ast-content-background-meta":{"desktop":{"background-color":"var(--ast-global-color-4)","background-image":"","background-repeat":"repeat","background-position":"center center","background-size":"auto","background-attachment":"scroll","background-type":"","background-media":"","overlay-type":"","overlay-color":"","overlay-opacity":"","overlay-gradient":""},"tablet":{"background-color":"var(--ast-global-color-4)","background-image":"","background-repeat":"repeat","background-position":"center center","background-size":"auto","background-attachment":"scroll","background-type":"","background-media":"","overlay-type":"","overlay-color":"","overlay-opacity":"","overlay-gradient":""},"mobile":{"background-color":"var(--ast-global-color-4)","background-image":"","background-repeat":"repeat","background-position":"center center","background-size":"auto","background-attachment":"scroll","background-type":"","background-media":"","overlay-type":"","overlay-color":"","overlay-opacity":"","overlay-gradient":""}},"footnotes":""},"class_list":["post-2","page","type-page","status-publish","hentry"],"_links":{"self":[{"href":"https:\/\/tinhdo.hoccungai.net\/index.php?rest_route=\/wp\/v2\/pages\/2","targetHints":{"allow":["GET"]}}],"collection":[{"href":"https:\/\/tinhdo.hoccungai.net\/index.php?rest_route=\/wp\/v2\/pages"}],"about":[{"href":"https:\/\/tinhdo.hoccungai.net\/index.php?rest_route=\/wp\/v2\/types\/page"}],"author":[{"embeddable":true,"href":"https:\/\/tinhdo.hoccungai.net\/index.php?rest_route=\/wp\/v2\/users\/1"}],"replies":[{"embeddable":true,"href":"https:\/\/tinhdo.hoccungai.net\/index.php?rest_route=%2Fwp%2Fv2%2Fcomments&post=2"}],"version-history":[{"count":7,"href":"https:\/\/tinhdo.hoccungai.net\/index.php?rest_route=\/wp\/v2\/pages\/2\/revisions"}],"predecessor-version":[{"id":39,"href":"https:\/\/tinhdo.hoccungai.net\/index.php?rest_route=\/wp\/v2\/pages\/2\/revisions\/39"}],"wp:attachment":[{"href":"https:\/\/tinhdo.hoccungai.net\/index.php?rest_route=%2Fwp%2Fv2%2Fmedia&parent=2"}],"curies":[{"name":"wp","href":"https:\/\/api.w.org\/{rel}","templated":true}]}}